{"id":10001103,"date":"2026-01-08T10:13:59","date_gmt":"2026-01-08T09:13:59","guid":{"rendered":"https:\/\/du-starkimnorden.de\/wordpress\/?post_type=tribe_events&#038;p=7367"},"modified":"2026-01-08T10:13:59","modified_gmt":"2026-01-08T09:13:59","slug":"erzaehlcafe-2","status":"publish","type":"tribe_events","link":"https:\/\/du-starkimnorden.de\/wordpress\/event\/erzaehlcafe-2\/2027-06-16\/","title":{"rendered":"Erz\u00e4hlcaf\u00e9"},"content":{"rendered":"<p>Im Erz\u00e4hl\u00adca\u00adf\u00e9 60+ kom\u00admen bei Kaf\u00adfee und Kuchen \u00e4lte\u00adre Alt-Hamborner*innen mit und ohne Migra\u00adti\u00adons\u00adhin\u00adter\u00adgrund zusam\u00admen, um sich \u00fcber aktu\u00adel\u00adle The\u00admen aus dem Modell\u00adpro\u00adjekt \u201eStark im Nor\u00adden \u2013 Alt-Ham\u00adborn und Marx\u00adloh\u201c sowie \u00fcber ihren All\u00adtag im Stadt\u00adteil aus\u00adzu\u00adtau\u00adschen.<\/p>\n<p>Die Teilnehmer*innen des Erz\u00e4hl\u00adca\u00adf\u00e9s unter\u00adst\u00fct\u00adzen das Quar\u00adtiers\u00adma\u00adnage\u00adment zudem bei der Schau\u00adfens\u00adter\u00adde\u00adko\u00adra\u00adti\u00adon oder ande\u00adren klei\u00adnen Akti\u00advi\u00adt\u00e4\u00adten im Stadt\u00adteil\u00adb\u00fc\u00adro. Das Quar\u00adtiers\u00adma\u00adnage\u00adment stellt daf\u00fcr ein\u00admal im Monat die R\u00e4um\u00adlich\u00adkei\u00adten zur Ver\u00adf\u00fc\u00adgung, beant\u00adwor\u00adtet Fra\u00adgen und unter\u00adst\u00fctzt das ehren\u00adamt\u00adli\u00adche Enga\u00adge\u00adment der Teilnehmer*innen.<\/p>\n","protected":false},"excerpt":{"rendered":"<p>Im Erz\u00e4hl\u00adca\u00adf\u00e9 60+ kom\u00admen bei Kaf\u00adfee und Kuchen \u00e4lte\u00adre Alt-Hamborner*innen mit und ohne Migra\u00adti\u00adons\u00adhin\u00adter\u00adgrund zusam\u00admen, um sich \u00fcber aktu\u00adel\u00adle The\u00admen aus dem Modell\u00adpro\u00adjekt \u201eStark im Nor\u00adden \u2013 Alt-Ham\u00ad\u00adborn und Marx\u00adloh\u201c [\u2026]<\/p>\n","protected":false},"author":9,"featured_media":0,"template":"","meta":{"wp_typography_post_enhancements_disabled":false,"_tribe_events_status":"","_tribe_events_status_reason":"","_tribe_events_is_hybrid":"","_tribe_events_is_virtual":"","_tribe_events_virtual_video_source":"","_tribe_events_virtual_embed_video":"","_tribe_events_virtual_linked_button_text":"","_tribe_events_virtual_linked_button":"","_tribe_events_virtual_show_embed_at":"","_tribe_events_virtual_show_embed_to":[],"_tribe_events_virtual_show_on_event":"","_tribe_events_virtual_show_on_views":"","_tribe_events_virtual_url":"","footnotes":""},"tags":[],"tribe_events_cat":[65],"class_list":["post-10001103","tribe_events","type-tribe_events","status-publish","hentry","tribe_events_cat-erzaehlcafe","cat_erzaehlcafe","tribe-recurring-event","tribe-recurring-event-parent","post-wrapper"],"acf":[],"yoast_head":"<!-- This site is optimized with the Yoast SEO plugin v27.5 - https:\/\/yoast.com\/product\/yoast-seo-wordpress\/ -->\n<title>Erz\u00e4hlcaf\u00e9 - Stark im Norden<\/title>\n<meta name=\"robots\" content=\"index, follow, max-snippet:-1, max-image-preview:large, max-video-preview:-1\" \/>\n<link rel=\"canonical\" href=\"https:\/\/du-starkimnorden.de\/wordpress\/event\/erzaehlcafe-2\/2027-06-16\/\" \/>\n<meta property=\"og:locale\" content=\"de_DE\" \/>\n<meta property=\"og:type\" content=\"article\" \/>\n<meta property=\"og:title\" content=\"Erz\u00e4hlcaf\u00e9 - Stark im Norden\" \/>\n<meta property=\"og:description\" content=\"Im Erz\u00e4hl\u00adca\u00adf\u00e9 60+ kom\u00admen bei Kaf\u00adfee und Kuchen \u00e4lte\u00adre Alt-Hamborner*innen mit und ohne Migra\u00adti\u00adons\u00adhin\u00adter\u00adgrund zusam\u00admen, um sich \u00fcber aktu\u00adel\u00adle The\u00admen aus dem Modell\u00adpro\u00adjekt \u201eStark im Nor\u00adden \u2013 Alt-Ham\u00adborn und Marx\u00adloh\u201c\" \/>\n<meta property=\"og:url\" content=\"https:\/\/du-starkimnorden.de\/wordpress\/event\/erzaehlcafe-2\/2027-06-16\/\" \/>\n<meta property=\"og:site_name\" content=\"Stark im Norden\" \/>\n<meta name=\"twitter:card\" content=\"summary_large_image\" \/>\n<meta name=\"twitter:label1\" content=\"Gesch\u00e4tzte Lesezeit\" \/>\n\t<meta name=\"twitter:data1\" content=\"1\u00a0Minute\" \/>\n<script type=\"application\/ld+json\" class=\"yoast-schema-graph\">{\"@context\":\"https:\\\/\\\/schema.org\",\"@graph\":[{\"@type\":\"WebPage\",\"@id\":\"https:\\\/\\\/du-starkimnorden.de\\\/wordpress\\\/event\\\/erzaehlcafe-2\\\/2027-06-16\\\/\",\"url\":\"https:\\\/\\\/du-starkimnorden.de\\\/wordpress\\\/event\\\/erzaehlcafe-2\\\/2027-06-16\\\/\",\"name\":\"Erz\u00e4hlcaf\u00e9 - Stark im Norden\",\"isPartOf\":{\"@id\":\"https:\\\/\\\/du-starkimnorden.de\\\/wordpress\\\/#website\"},\"datePublished\":\"2026-01-08T09:13:59+00:00\",\"breadcrumb\":{\"@id\":\"https:\\\/\\\/du-starkimnorden.de\\\/wordpress\\\/event\\\/erzaehlcafe-2\\\/2027-06-16\\\/#breadcrumb\"},\"inLanguage\":\"de\",\"potentialAction\":[{\"@type\":\"ReadAction\",\"target\":[\"https:\\\/\\\/du-starkimnorden.de\\\/wordpress\\\/event\\\/erzaehlcafe-2\\\/2027-06-16\\\/\"]}]},{\"@type\":\"BreadcrumbList\",\"@id\":\"https:\\\/\\\/du-starkimnorden.de\\\/wordpress\\\/event\\\/erzaehlcafe-2\\\/2027-06-16\\\/#breadcrumb\",\"itemListElement\":[{\"@type\":\"ListItem\",\"position\":1,\"name\":\"Startseite\",\"item\":\"https:\\\/\\\/du-starkimnorden.de\\\/wordpress\\\/\"},{\"@type\":\"ListItem\",\"position\":2,\"name\":\"Veranstaltungen\",\"item\":\"https:\\\/\\\/du-starkimnorden.de\\\/wordpress\\\/events\\\/\"},{\"@type\":\"ListItem\",\"position\":3,\"name\":\"Erz\u00e4hlcaf\u00e9\"}]},{\"@type\":\"WebSite\",\"@id\":\"https:\\\/\\\/du-starkimnorden.de\\\/wordpress\\\/#website\",\"url\":\"https:\\\/\\\/du-starkimnorden.de\\\/wordpress\\\/\",\"name\":\"Stark im Norden\",\"description\":\"QM Alt-Hamborn und Marxloh\",\"publisher\":{\"@id\":\"https:\\\/\\\/du-starkimnorden.de\\\/wordpress\\\/#organization\"},\"potentialAction\":[{\"@type\":\"SearchAction\",\"target\":{\"@type\":\"EntryPoint\",\"urlTemplate\":\"https:\\\/\\\/du-starkimnorden.de\\\/wordpress\\\/?s={search_term_string}\"},\"query-input\":{\"@type\":\"PropertyValueSpecification\",\"valueRequired\":true,\"valueName\":\"search_term_string\"}}],\"inLanguage\":\"de\"},{\"@type\":\"Organization\",\"@id\":\"https:\\\/\\\/du-starkimnorden.de\\\/wordpress\\\/#organization\",\"name\":\"Stark im Norden\",\"url\":\"https:\\\/\\\/du-starkimnorden.de\\\/wordpress\\\/\",\"logo\":{\"@type\":\"ImageObject\",\"inLanguage\":\"de\",\"@id\":\"https:\\\/\\\/du-starkimnorden.de\\\/wordpress\\\/#\\\/schema\\\/logo\\\/image\\\/\",\"url\":\"https:\\\/\\\/du-starkimnorden.de\\\/wordpress\\\/wp-content\\\/uploads\\\/2023\\\/04\\\/Logo_03.jpg\",\"contentUrl\":\"https:\\\/\\\/du-starkimnorden.de\\\/wordpress\\\/wp-content\\\/uploads\\\/2023\\\/04\\\/Logo_03.jpg\",\"width\":2000,\"height\":1199,\"caption\":\"Stark im Norden\"},\"image\":{\"@id\":\"https:\\\/\\\/du-starkimnorden.de\\\/wordpress\\\/#\\\/schema\\\/logo\\\/image\\\/\"},\"sameAs\":[\"https:\\\/\\\/www.instagram.com\\\/du_starkimnorden\\\/\"]}]}<\/script>\n<!-- \/ Yoast SEO plugin. -->","yoast_head_json":{"title":"Erz\u00e4hlcaf\u00e9 - Stark im Norden","robots":{"index":"index","follow":"follow","max-snippet":"max-snippet:-1","max-image-preview":"max-image-preview:large","max-video-preview":"max-video-preview:-1"},"canonical":"https:\/\/du-starkimnorden.de\/wordpress\/event\/erzaehlcafe-2\/2027-06-16\/","og_locale":"de_DE","og_type":"article","og_title":"Erz\u00e4hlcaf\u00e9 - Stark im Norden","og_description":"Im Erz\u00e4hl\u00adca\u00adf\u00e9 60+ kom\u00admen bei Kaf\u00adfee und Kuchen \u00e4lte\u00adre Alt-Hamborner*innen mit und ohne Migra\u00adti\u00adons\u00adhin\u00adter\u00adgrund zusam\u00admen, um sich \u00fcber aktu\u00adel\u00adle The\u00admen aus dem Modell\u00adpro\u00adjekt \u201eStark im Nor\u00adden \u2013 Alt-Ham\u00adborn und Marx\u00adloh\u201c","og_url":"https:\/\/du-starkimnorden.de\/wordpress\/event\/erzaehlcafe-2\/2027-06-16\/","og_site_name":"Stark im Norden","twitter_card":"summary_large_image","twitter_misc":{"Gesch\u00e4tzte Lesezeit":"1\u00a0Minute"},"schema":{"@context":"https:\/\/schema.org","@graph":[{"@type":"WebPage","@id":"https:\/\/du-starkimnorden.de\/wordpress\/event\/erzaehlcafe-2\/2027-06-16\/","url":"https:\/\/du-starkimnorden.de\/wordpress\/event\/erzaehlcafe-2\/2027-06-16\/","name":"Erz\u00e4hlcaf\u00e9 - Stark im Norden","isPartOf":{"@id":"https:\/\/du-starkimnorden.de\/wordpress\/#website"},"datePublished":"2026-01-08T09:13:59+00:00","breadcrumb":{"@id":"https:\/\/du-starkimnorden.de\/wordpress\/event\/erzaehlcafe-2\/2027-06-16\/#breadcrumb"},"inLanguage":"de","potentialAction":[{"@type":"ReadAction","target":["https:\/\/du-starkimnorden.de\/wordpress\/event\/erzaehlcafe-2\/2027-06-16\/"]}]},{"@type":"BreadcrumbList","@id":"https:\/\/du-starkimnorden.de\/wordpress\/event\/erzaehlcafe-2\/2027-06-16\/#breadcrumb","itemListElement":[{"@type":"ListItem","position":1,"name":"Startseite","item":"https:\/\/du-starkimnorden.de\/wordpress\/"},{"@type":"ListItem","position":2,"name":"Veranstaltungen","item":"https:\/\/du-starkimnorden.de\/wordpress\/events\/"},{"@type":"ListItem","position":3,"name":"Erz\u00e4hlcaf\u00e9"}]},{"@type":"WebSite","@id":"https:\/\/du-starkimnorden.de\/wordpress\/#website","url":"https:\/\/du-starkimnorden.de\/wordpress\/","name":"Stark im Norden","description":"QM Alt-Hamborn und Marxloh","publisher":{"@id":"https:\/\/du-starkimnorden.de\/wordpress\/#organization"},"potentialAction":[{"@type":"SearchAction","target":{"@type":"EntryPoint","urlTemplate":"https:\/\/du-starkimnorden.de\/wordpress\/?s={search_term_string}"},"query-input":{"@type":"PropertyValueSpecification","valueRequired":true,"valueName":"search_term_string"}}],"inLanguage":"de"},{"@type":"Organization","@id":"https:\/\/du-starkimnorden.de\/wordpress\/#organization","name":"Stark im Norden","url":"https:\/\/du-starkimnorden.de\/wordpress\/","logo":{"@type":"ImageObject","inLanguage":"de","@id":"https:\/\/du-starkimnorden.de\/wordpress\/#\/schema\/logo\/image\/","url":"https:\/\/du-starkimnorden.de\/wordpress\/wp-content\/uploads\/2023\/04\/Logo_03.jpg","contentUrl":"https:\/\/du-starkimnorden.de\/wordpress\/wp-content\/uploads\/2023\/04\/Logo_03.jpg","width":2000,"height":1199,"caption":"Stark im Norden"},"image":{"@id":"https:\/\/du-starkimnorden.de\/wordpress\/#\/schema\/logo\/image\/"},"sameAs":["https:\/\/www.instagram.com\/du_starkimnorden\/"]}]}},"_links":{"self":[{"href":"https:\/\/du-starkimnorden.de\/wordpress\/wp-json\/wp\/v2\/tribe_events\/10001103","targetHints":{"allow":["GET"]}}],"collection":[{"href":"https:\/\/du-starkimnorden.de\/wordpress\/wp-json\/wp\/v2\/tribe_events"}],"about":[{"href":"https:\/\/du-starkimnorden.de\/wordpress\/wp-json\/wp\/v2\/types\/tribe_events"}],"author":[{"embeddable":true,"href":"https:\/\/du-starkimnorden.de\/wordpress\/wp-json\/wp\/v2\/users\/9"}],"version-history":[{"count":0,"href":"https:\/\/du-starkimnorden.de\/wordpress\/wp-json\/wp\/v2\/tribe_events\/10001103\/revisions"}],"wp:attachment":[{"href":"https:\/\/du-starkimnorden.de\/wordpress\/wp-json\/wp\/v2\/media?parent=10001103"}],"wp:term":[{"taxonomy":"post_tag","embeddable":true,"href":"https:\/\/du-starkimnorden.de\/wordpress\/wp-json\/wp\/v2\/tags?post=10001103"},{"taxonomy":"tribe_events_cat","embeddable":true,"href":"https:\/\/du-starkimnorden.de\/wordpress\/wp-json\/wp\/v2\/tribe_events_cat?post=10001103"}],"curies":[{"name":"wp","href":"https:\/\/api.w.org\/{rel}","templated":true}]}}

Erzählcafé

<p>Im Erzähl­ca­fé 60+ kom­men bei Kaf­fee und Kuchen älte­re Alt-Hamborner*innen mit und ohne Migra­ti­ons­hin­ter­grund zusam­men, um sich über aktu­el­le The­men aus dem Modell­pro­jekt „Stark im Nor­den – Alt-Ham­born und Marx­loh“ sowie über ihren All­tag im Stadt­teil aus­zu­tau­schen.</p>
<p>Die Teilnehmer*innen des Erzähl­ca­fés unter­stüt­zen das Quar­tiers­ma­nage­ment zudem bei der Schau­fens­ter­de­ko­ra­ti­on oder ande­ren klei­nen Akti­vi­tä­ten im Stadt­teil­bü­ro. Das Quar­tiers­ma­nage­ment stellt dafür ein­mal im Monat die Räum­lich­kei­ten zur Ver­fü­gung, beant­wor­tet Fra­gen und unter­stützt das ehren­amt­li­che Enga­ge­ment der Teilnehmer*innen.</p>

<p>Im Erzähl­ca­fé 60+ kom­men bei Kaf­fee und Kuchen älte­re Alt-Hamborner*innen mit und ohne Migra­ti­ons­hin­ter­grund zusam­men, um sich über aktu­el­le The­men aus dem Modell­pro­jekt „Stark im Nor­den – Alt-Ham­­born und Marx­loh“ […]</p>

<!-- This site is optimized with the Yoast SEO plugin v27.5 - https://yoast.com/product/yoast-seo-wordpress/ -->
<title>Erzählcafé - Stark im Norden</title>
<meta name="robots" content="index, follow, max-snippet:-1, max-image-preview:large, max-video-preview:-1" />
<link rel="canonical" href="https://du-starkimnorden.de/wordpress/event/erzaehlcafe-2/2027-06-16/" />
<meta property="og:locale" content="de_DE" />
<meta property="og:type" content="article" />
<meta property="og:title" content="Erzählcafé - Stark im Norden" />
<meta property="og:description" content="Im Erzähl­ca­fé 60+ kom­men bei Kaf­fee und Kuchen älte­re Alt-Hamborner*innen mit und ohne Migra­ti­ons­hin­ter­grund zusam­men, um sich über aktu­el­le The­men aus dem Modell­pro­jekt „Stark im Nor­den – Alt-Ham­born und Marx­loh“" />
<meta property="og:url" content="https://du-starkimnorden.de/wordpress/event/erzaehlcafe-2/2027-06-16/" />
<meta property="og:site_name" content="Stark im Norden" />
<meta name="twitter:card" content="summary_large_image" />
<meta name="twitter:label1" content="Geschätzte Lesezeit" />
	<meta name="twitter:data1" content="1 Minute" />
<script type="application/ld+json" class="yoast-schema-graph">{"@context":"https:\/\/schema.org","@graph":[{"@type":"WebPage","@id":"https:\/\/du-starkimnorden.de\/wordpress\/event\/erzaehlcafe-2\/2027-06-16\/","url":"https:\/\/du-starkimnorden.de\/wordpress\/event\/erzaehlcafe-2\/2027-06-16\/","name":"Erzählcafé - Stark im Norden","isPartOf":{"@id":"https:\/\/du-starkimnorden.de\/wordpress\/#website"},"datePublished":"2026-01-08T09:13:59+00:00","breadcrumb":{"@id":"https:\/\/du-starkimnorden.de\/wordpress\/event\/erzaehlcafe-2\/2027-06-16\/#breadcrumb"},"inLanguage":"de","potentialAction":[{"@type":"ReadAction","target":["https:\/\/du-starkimnorden.de\/wordpress\/event\/erzaehlcafe-2\/2027-06-16\/"]}]},{"@type":"BreadcrumbList","@id":"https:\/\/du-starkimnorden.de\/wordpress\/event\/erzaehlcafe-2\/2027-06-16\/#breadcrumb","itemListElement":[{"@type":"ListItem","position":1,"name":"Startseite","item":"https:\/\/du-starkimnorden.de\/wordpress\/"},{"@type":"ListItem","position":2,"name":"Veranstaltungen","item":"https:\/\/du-starkimnorden.de\/wordpress\/events\/"},{"@type":"ListItem","position":3,"name":"Erzählcafé"}]},{"@type":"WebSite","@id":"https:\/\/du-starkimnorden.de\/wordpress\/#website","url":"https:\/\/du-starkimnorden.de\/wordpress\/","name":"Stark im Norden","description":"QM Alt-Hamborn und Marxloh","publisher":{"@id":"https:\/\/du-starkimnorden.de\/wordpress\/#organization"},"potentialAction":[{"@type":"SearchAction","target":{"@type":"EntryPoint","urlTemplate":"https:\/\/du-starkimnorden.de\/wordpress\/?s={search_term_string}"},"query-input":{"@type":"PropertyValueSpecification","valueRequired":true,"valueName":"search_term_string"}}],"inLanguage":"de"},{"@type":"Organization","@id":"https:\/\/du-starkimnorden.de\/wordpress\/#organization","name":"Stark im Norden","url":"https:\/\/du-starkimnorden.de\/wordpress\/","logo":{"@type":"ImageObject","inLanguage":"de","@id":"https:\/\/du-starkimnorden.de\/wordpress\/#\/schema\/logo\/image\/","url":"https:\/\/du-starkimnorden.de\/wordpress\/wp-content\/uploads\/2023\/04\/Logo_03.jpg","contentUrl":"https:\/\/du-starkimnorden.de\/wordpress\/wp-content\/uploads\/2023\/04\/Logo_03.jpg","width":2000,"height":1199,"caption":"Stark im Norden"},"image":{"@id":"https:\/\/du-starkimnorden.de\/wordpress\/#\/schema\/logo\/image\/"},"sameAs":["https:\/\/www.instagram.com\/du_starkimnorden\/"]}]}</script>
<!-- / Yoast SEO plugin. -->

Erzählcafé - Stark im Norden

Im Erzähl­ca­fé 60+ kom­men bei Kaf­fee und Kuchen älte­re Alt-Hamborner*innen mit und ohne Migra­ti­ons­hin­ter­grund zusam­men, um sich über aktu­el­le The­men aus dem Modell­pro­jekt „Stark im Nor­den – Alt-Ham­born und Marx­loh“
